he prime factors of 41968140?
2, 3, 5, 699469
List the prime factors of 1591433172.
2, 3, 7, 17, 53069
List the prime factors of 2788001394.
2, 3, 17, 41, 666667
What are the prime factors of 535920247?
37, 97, 149323
What are the prime factors of 423924641?
7, 60560663
List the prime factors of 1228122105.
3, 5, 7, 181, 64621
List the prime factors of 2834531466.
2, 3, 13, 36340147
List the prime factors of 939380705.
5, 79, 2378179
List the prime factors of 62606068.
2, 7, 47, 113, 421
What are the prime factors of 51169313?
13, 31, 9767
What are the prime factors of 709005942?
2, 3, 3853, 10223
List the prime factors of 576296011.
19, 59, 67, 7673
List the prime factors of 491080171.
29, 127, 133337
What are the prime factors of 1524702057?
3, 29, 131, 133781
What are the prime factors of 107585784?
2, 3, 1494247
List the prime factors of 16548070.
2, 5, 7, 11, 21491
What are the prime factors of 730871282?
2, 29, 271, 46499
What are the prime factors of 1777341375?
3, 5, 757, 2087
List the prime factors of 5027126616.
2, 3, 69821203
What are the prime factors of 173857012?
2, 7, 6209179
List the prime factors of 146357163.
3, 37, 439511
What are the prime factors of 247297104?
2, 3, 23, 24889
What are the prime factors of 4332637161?
3, 271, 592133
List the prime factors of 40851287.
53, 14543
List the prime factors of 2524830003.
3, 280536667
What are the prime factors of 4700127528?
2, 3, 65279549
List the prime factors of 84587926.
2, 103, 410621
List the prime factors of 414441703.
13, 31880131
List the prime factors of 64077232.
2, 167, 23981
List the prime factors of 27161514.
2, 3, 313, 1607
What are the prime factors of 335936772?
2, 3, 107, 87211
What are the prime factors of 350909783?
7, 50129969
What are the prime factors of 124863483?
3, 41621161
List the prime factors of 49761183.
3, 1151, 14411
What are the prime factors of 220916940?
2, 3, 5, 3681949
List the prime factors of 1092244434.
2, 3, 569, 319931
What are the prime factors of 1398037638?
2, 3, 2411, 96643
List the prime factors of 672285865.
5, 43, 71, 44041
What are the prime factors of 99336666?
2, 3, 11, 13, 115777
What are the prime factors of 380860703?
23, 53, 97, 3221
List the prime factors of 377987788.
2, 94496947
List the prime factors of 2624405234.
2, 11, 71, 199, 8443
What are the prime factors of 79736359?
79, 1009321
What are the prime factors of 630645146?
2, 71, 4441163
List the prime factors of 107401028.
2, 7, 3835751
List the prime factors of 170803936.
2, 5337623
What are the prime factors of 221990818?
2, 7, 53, 299179
List the prime factors of 1183334115.
3, 5, 78888941
What are the prime factors of 74318093?
74318093
What are the prime factors of 124291071?
3, 29, 181, 877
What are the prime factors of 190692962?
2, 95346481
What are the prime factors of 797702967?
3, 103, 307, 2803
List the prime factors of 1319305698.
2, 3, 19, 47, 109, 251
List the prime factors of 976509645.
3, 5, 2707, 24049
What are the prime factors of 1509100261?
6043, 249727
List the prime factors of 97307766.
2, 3, 47, 115021
List the prime factors of 98805761.
98805761
What are the prime factors of 2914031018?
2, 7901, 184409
List the prime factors of 294730036.
2, 73682509
List the prime factors of 2122624781.
43, 179, 275773
List the prime factors of 42110660.
2, 5, 59, 127, 281
What are the prime factors of 26925642?
2, 3, 47, 103
List the prime factors of 125605449.
3, 349, 39989
List the prime factors of 54040040.
2, 5, 719, 1879
What are the prime factors of 257036561?
47, 787, 6949
What are the prime factors of 36721643?
7, 521, 10069
What are the prime factors of 12330332?
2, 7, 419, 1051
What are the prime factors of 98284551?
3, 32761517
What are the prime factors of 3577844705?
5, 41, 101, 172801
What are the prime factors of 24785102?
2, 12392551
What are the prime factors of 4745521075?
5, 31, 71, 86243
What are the prime factors of 57755619?
3, 743, 2879
What are the prime factors of 48344846?
2, 11, 2197493
List the prime factors of 596654214.
2, 3, 13, 7649413
List the prime factors of 172283422.
2, 59, 1460029
What are the prime factors of 64518270?
2, 3, 5, 59, 36451
List the prime factors of 27394959.
3, 9131653
What are the prime factors of 609421437?
3, 67713493
List the prime factors of 26985578.
2, 23, 173, 3391
List the prime factors of 10527693.
3, 11, 31, 41, 251
What are the prime factors of 59673907?
829, 71983
List the prime factors of 3835178972.
2, 958794743
List the prime factors of 89640707.
13, 67, 97, 1061
What are the prime factors of 538455413?
37, 1091, 13339
List the prime factors of 9505958.
2, 7, 11, 17, 3631
List the prime factors of 490598409.
3, 7, 3803, 6143
List the prime factors of 280492956.
2, 3, 43, 2237
List the prime factors of 1336484219.
7, 73, 977, 2677
What are the prime factors of 105948608?
2, 131, 12637
List the prime factors of 125969052.
2, 3, 11, 71, 13441
What are the prime factors of 1288743?
3, 429581
What are the prime factors of 549164135?
5, 13, 967, 8737
List the prime factors of 669866057.
7, 95695151
List the prime factors of 133772983.
17, 7868999
List the prime factors of 96834438.
2, 3, 5379691
List the prime factors of 480011394.
2, 3, 4733, 16903
What are the prime factors of 30532162?
2, 89, 171529
List the prime factors of 988107011.
41, 24100171
List the prime factors of 2412580037.
7, 344654291
What are the prime factors of 2296069517?
7, 5227, 62753
What are the prime factors of 1563030722?
2, 11, 71046851
List the prime factors of 278513847.
3, 30945983
List the prime factors of 1410279116.
2, 73, 4829723
List the prime factors of 87107453.
1741, 50033
List the prime factors of 709847112.
2, 3, 13, 2275151
List the prime factors of 91824676.
2, 37, 620437
What are the prime factors of 95673865?
5, 7, 2733539
What are the prime factors of 7253246609?
7, 148025441
What are the prime factors of 24802407?
3, 7, 73, 5393
What are the prime factors of 823311742?
2, 11, 37423261
List the prime factors of 2834545951.
19, 149186629
What are the prime factors of 27657693?
3, 7, 48779
List the prime factors of 7673541279.
3, 419, 6104647
List the prime factors of 73679703.
3, 73, 336437
List the prime factors of 1143211187.
61, 919, 20393
What are the prime factors of 24550280?
2, 5, 19, 32303
List the prime factors of 22702076.
2, 5675519
What are the prime factors of 45780090?
2, 3, 5, 71, 21493
List the prime factors of 445000614.
2, 3, 53, 1399373
What are the prime factors of 691936365?
3, 5, 59, 107, 7307
List the prime factors of 6194946011.
1259, 4920529
What are the prime factors of 1124436960?
2, 3, 5, 31, 25189
List the prime factors of 4113797138.
2, 11, 186990779
What are the prime factors of 612559102?
2, 306279551
List the prime factors of 4237665263.
13, 239, 1363909
What are the prime factors of 1402095302?
2, 701047651
List the prime factors of 109468026.
2, 3, 73, 227, 367
List the prime factors of 119912899.
119912899
What are the prime factors of 313970899?
11, 28542809
List the prime factors of 1978155112.
2, 23, 881, 12203
List the prime factors of 149432157.
3, 7, 29, 89, 919
List the prime factors of 9549210.
2, 3, 5, 11, 19, 1523
What are the prime factors of 20874762?
2, 3, 1159709
What are the prime factors of 391035678?
2, 3, 11, 5924783
List the prime factors of 73269895.
5, 31, 472709
List the prime factors of 864985934.
2, 432492967
List the prime factors of 276303837.
3, 31, 239, 401
List the prime factors of 110795813.
7507, 14759
What are the prime factors of 2705569601?
7, 17, 22735879
List the prime factors of 5245782332.
2, 7, 79, 2371511
List the prime factors of 2952601597.
11, 268418327
List the prime factors of 1222151395.
5, 2237, 109267
List the prime factors of 885255480.
2, 3, 5, 199, 1373
List the prime factors of 2540304050.
2, 5, 17, 929, 3217
What are the prime factors of 105468899?
105468899
What are the prime factors of 97108398?
2, 3, 307, 17573
What are the prime factors of 349960431?
3, 53, 1297, 1697
What are the prime factors of 54795784?
2, 6849473
List the prime factors of 4979603439.
3, 31, 5949347
List the prime factors of 39592518.
2, 3, 7, 31, 47, 647
List the prime factors of 6626371800.
2, 3, 5, 11043953
List the prime factor